
False
Does 19 divide 76055?
False
Does 174 divide 130152?
True
Is 18722213 a multiple of 13?
False
Does 42 divide 7780290?
True
Is 2 a factor of 1240244?
True
Is 12 a factor of 211091?
False
Is 35 a factor of 5225010?
True
Is 21960 a multiple of 40?
True
Is 12832209 a multiple of 39?
True
Is 267922 a multiple of 47?
False
Is 425504 a multiple of 16?
True
Is 4 a factor of 33291?
False
Is 17752980 a multiple of 86?
True
Is 9787 a multiple of 14?
False
Is 7029 a multiple of 111?
False
Is 158192 a multiple of 188?
False
Is 6479088 a multiple of 78?
False
Is 178768 a multiple of 76?
False
Is 1713609 a multiple of 27?
True
Is 2752631 a multiple of 39?
False
Is 1637528 a multiple of 19?
False
Does 393 divide 8994591?
True
Is 53272 a multiple of 15?
False
Does 1139 divide 525800?
False
Is 17684500 a multiple of 10?
True
Is 12 a factor of 42004?
False
Does 1096 divide 7933124?
False
Is 8960 a multiple of 35?
True
Is 16 a factor of 562138?
False
Is 5371732 a multiple of 20?
False
Does 142 divide 111896?
True
Is 120274 a multiple of 122?
False
Is 828 a factor of 763667?
False
Is 306192 a multiple of 12?
True
Is 1063 a factor of 1270803?
False
Does 72 divide 465840?
True
Is 576 a factor of 1313856?
True
Is 355 a factor of 452270?
True
Does 229 divide 55144?
False
Does 7 divide 1938966?
False
Is 1148616 a multiple of 742?
True
Does 8 divide 570130?
False
Is 32 a factor of 244672?
True
Does 25 divide 61800?
True
Does 298 divide 616562?
True
Is 15 a factor of 149948?
False
Does 309 divide 737755?
False
Does 31 divide 710421?
False
Is 2 a factor of 54356?
True
Does 21 divide 5100839?
False
Does 192 divide 10210239?
False
Is 170372 a multiple of 25?
False
Is 27248233 a multiple of 73?
False
Is 398 a factor of 1125942?
True
Is 537194 a multiple of 345?
False
Does 12 divide 8924232?
True
Is 98847 a multiple of 189?
True
Is 13 a factor of 188487?
True
Is 4088 a multiple of 10?
False
Does 6 divide 112516?
False
Is 285888 a multiple of 10?
False
Is 60 a factor of 3863693?
False
Does 12 divide 84312?
True
Is 354 a factor of 589919?
False
Does 51 divide 1014186?
True
Does 43 divide 34572?
True
Is 19 a factor of 592762?
True
Is 7726875 a multiple of 183?
False
Does 32 divide 919080?
False
Does 57 divide 311623?
False
Is 226 a factor of 39098?
True
Is 1092075 a multiple of 104?
False
Is 14 a factor of 2164957?
False
Does 18 divide 76017?
False
Does 125 divide 337354?
False
Is 13171851 a multiple of 33?
True
Does 48 divide 1980912?
True
Is 14872725 a multiple of 21?
True
Does 2 divide 757139?
False
Does 71 divide 10382756?
True
Does 33 divide 927729?
True
Is 9420110 a multiple of 70?
True
Is 30 a factor of 200692?
False
Does 52 divide 8574796?
False
Is 4033170 a multiple of 41?
True
Is 13 a factor of 23499876?
False
Does 5 divide 1084630?
True
Is 63 a factor of 6100164?
True
Is 4842377 a multiple of 971?
True
Is 334 a factor of 206557?
False
Is 5 a factor of 44045?
True
Is 3 a factor of 47891?
False
Does 9 divide 55899?
True
Does 118 divide 289759?
False
Is 618656 a multiple of 7?
False
Is 14608200 a multiple of 8?
True
Is 80 a factor of 361040?
True
Does 659 divide 2318362?
True
Is 254586 a multiple of 150?
False
Does 12 divide 57231?
False
Is 8002260 a multiple of 21?
True
Is 36411 a multiple of 38?
False
Does 98 divide 274321?
False
Is 14 a factor of 149660?
True
Is 37 a factor of 119917?
True
Is 572 a factor of 179036?
True
Does 7 divide 279568?
False
Is 5085 a multiple of 9?
True
Does 149 divide 4634645?
True
Is 10 a factor of 172379?
False
Is 458 a factor of 450842?
False
Does 833 divide 8436624?
True
Is 1251168 a multiple of 794?
False
Does 255 divide 67320?
True
Is 29 a factor of 87899?
True
Is 2494551 a multiple of 41?
False
Is 1791144 a multiple of 19?
False
Is 42 a factor of 2519415?
False
Is 102390 a multiple of 15?
True
Is 333050 a multiple of 18?
False
Does 3 divide 2614445?
False
Does 1595 divide 18564205?
True
Does 288 divide 448048?
False
Is 832 a factor of 216213?
False
Is 478 a factor of 1157414?
False
Is 6505856 a multiple of 23?
False
Is 12 a factor of 191172?
True
Is 29 a factor of 12126692?
False
Is 5 a factor of 42866?
False
Is 186 a factor of 1902331?
False
Is 83968 a multiple of 136?
False
Is 16 a factor of 70506?
False
Does 89 divide 211820?
True
Is 1389066 a multiple of 111?
False
Does 75 divide 1056393?
False
Does 922 divide 3886114?
False
Is 438 a factor of 1767526?
False
Does 629 divide 286195?
True
Is 820960 a multiple of 35?
True
Is 111 a factor of 106338?
True
Is 3183988 a multiple of 1017?
False
Is 746 a factor of 512922?
False
Does 88 divide 33880?
True
Is 17 a factor of 48586?
True
Is 20 a factor of 609675?
False
Does 217 divide 224390?
False
Does 5 divide 77161?
False
Does 67 divide 22734?
False
Does 218 divide 7679374?
False
Does 318 divide 946050?
True
Is 14 a factor of 356615?
False
Does 115 divide 974770?
False
Is 4856 a multiple of 4?
True
Is 357 a factor of 683298?
True
Is 9 a factor of 24236631?
True
Is 13 a factor of 480526?
False
Is 142 a factor of 46544?
False
Is 364747 a multiple of 121?
False
Is 6 a factor of 123966?
True
Is 1184767 even?
False
Does 5 divide 2228?
False
Is 427 a factor of 8233841?
True
Is 493 a multiple of 15?
False
Is 17 a factor of 93369?
False
Is 20 a factor of 76346?
False
Is 14 a factor of 30331508?
False
Is 39560 a multiple of 8?
True
Is 323160 a multiple of 283?
False
Does 88 divide 2008160?
True
Is 16 a factor of 63184?
True
Is 382656 a multiple of 24?
True
Is 108533 a multiple of 263?
False
Does 172 divide 3860176?
False
Is 1830 a multiple of 6?
True
Is 524041 a multiple of 434?
False
Is 401095 a multiple of 2?
False
Does 97 divide 4419805?
True
Is 1079982 a multiple of 61?
False
Is 15425 even?
False
Is 6 a factor of 5484324?
True
Is 2683100 a multiple of 10?
True
Is 99827 a multiple of 91?
True
Is 1066648 a multiple of 8?
True
Does 1344 divide 3472896?
True
Is 199347 a multiple of 30?
False
Does 60 divide 2228165?
False
Is 592272 a multiple of 648?
True
Does 485 divide 2401176?
False
Is 31720 a multiple of 10?
True
Is 104992 a multiple of 193?
True
Is 168553 a multiple of 121?
True
Is 169 a factor of 770471?
True
Is 542 a factor of 360972?
True
Is 11 a factor of 3873118?
False
Is 10166010 a multiple of 1412?
False
Is 988390 a multiple of 468?
False
Is 10 a factor of 1964?
False
Is 7561802 a multiple of 23?
True
Does 112 divide 224705?
False
Is 22727442 a multiple of 258?
False
Is 1154 a factor of 3014248?
True
Is 15 a factor of 203788?
False
Does 4 divide 33444?
True
Does 1130 divide 23994420?
True
Does 82 divide 1416837?
False
Is 1993325 a multiple of 18?
False
Is 20 a factor of 5675489?
False
Does 33 divide 13071069?
True
Does 203 divide 1378601?
False
Is 151 a factor of 11865640?
False
Does 53 divide 5650145?
False
Does 14 divide 400309?
False
Is 56 a factor of 587102?
False
Does 117 divide 57798?
True
Is 1388551 a multiple of 33?
False
Is 135 a factor of 414720?
True
Is 77 a factor of 6546253?
False
Is 29607 a multiple of 213?
True
Is 61846 a multiple of 17?
True
Is 320928 a multiple of 24?
True
Is 2783 a multiple of 7?
False
Does 384 divide 865920?
True
Does 24 divide 304523?
False
Is 1407504 a multiple of 84?
True
Is 651 a factor of 17559756?
False
Does 211 divide 334857?
True
Is 267 a factor of 9186663?
False
Is 3 a factor of 555386?
False
Is 45 a factor of 21887269?
False
Is 478152 a multiple of 32?
False
Is 3 a factor of 2827?
False
Does 176 divide 474064?
False
Is 119967 a multiple of 11?
False
Is 5193370 a multiple of 35?
True
Is 6658902 a multiple of 1167?
True
Is 2684736 a multiple of 576?
True
Is 332175 a multiple of 19?
False
Is 4 a factor of 475676?
True
Is 16496090 a multiple of 239?
False
Is 20 a factor of 667340?
True
Is 944028 a multiple of 36?
True
Is 143231 a multiple of 149?
False
Is 436 a factor of 21751168?
True
Is 82 a factor of 525616?
False
Is 190353 a multiple of 63?
False
Is 168 a factor of 7204311?
False
Does 5 divide 95087?
False
Is 50 a factor of 264943?
False
Is 324957 a multiple of 202?
False
Is 5 a factor of 14658835?
True
Is 5 a factor of 1051545?
True
Is 6568461 a multiple of 457?
True
Is 168 a factor of 93775?
False
Does 385 divide 299530?
True
Is 296 a factor of 717864?
False
Is 48 a factor of 77280?
True
Is 302673 a multiple of 49?
True
Is 1489689 